**2 + 2*g. Give z(k).
-6
Let v(m) be the first derivative of -m**4/4 - 4*m**3/3 - m**2 - m + 130. Let t be (-6)/(-4)*(-1 + -1). Determine v(t).
-4
Suppose 3*j + 3 = -0. Let a = j + -3. Let c(x) = 6*x**2 + 2*x - 3. Let t(u) = 10*u**2 - 5. Let h(n) = 2*c(n) - t(n). Give h(a).
15
Let a(l) = 5*l - 6. Let n = 101 + -95. Let v be (-10)/(-3)*1*n/4. Give a(v).
19
Suppose 2*n = 5*n - 9. Suppose 3*y + j = 41, 3*y + 2*j = -n + 49. Suppose 2*m = 3*f + y, f - 11 = -3*m + 7. Let d(i) = i**2 - 8*i + 5. Calculate d(m).
-7
Let o(u) be the second derivative of u**5/20 + 7*u**4/6 - u**3/2 - 5*u**2/2 + u - 198. Calculate o(-14).
37
Let v(z) = z**3 - 3*z**2 - 6*z + 5. Suppose 3*w + 4*w - 35 = 0. Suppose -4*r + 26 = w*a, 27 = 3*r + 3*a + 9. Calculate v(r).
-3
Let c(k) = k**2 + 6*k + 5. Let b(d) be the first derivative of -d**4/4 + 7*d**3/3 - d**2 + 10*d - 9. Let x be b(7). Determine c(x).
-3
Let q be (-15)/6*4/5. Let j be q*(-9)/(-2) - 0. Let x be (-24)/18*j/6. Let g(a) = -3*a**2 - 2*a + 3. Give g(x).
-13
Let c(x) = -x**2 + 3*x - 4. Suppose -11*h = -3*h - 32. Suppose a + 0*a = h*p + 9, -23 = -4*a + 3*p. Calculate c(a).
-14
Let a(w) = w - 12. Let n(o) = -3*o + 12. Let q(u) = 4*a(u) + 3*n(u). Give q(-8).
28
Let v be -9*(-1)/3*1. Suppose -d - 200 = -5*n, -v - 77 = -2*n + d. Let k(p) = -n + 2*p + 20 + 23. Calculate k(-6).
-9
Suppose -3*g - 4 = -4*t - 2*g, -3*t = -g - 2. Let p(y) = -2*y - t*y**2 + 4*y**2 + 1 - y. Let a(x) = -2*x**2 - 32*x + 74. Let b be a(-18). What is p(b)?
3
Let m(k) = k**2 - k - 3. Let q(x) = 2*x**2 - 2*x - 6. Let v(f) = -7*m(f) + 3*q(f). Suppose -6*l - 15 = -11*l. What is v(l)?
-3
Suppose n + 27 = -m, 2*m - n = -7 - 41. Let o(x) = -x**2 - 25*x + 9. Calculate o(m).
9
Let t(u) = -3*u + 1. Let z(i) be the first derivative of -4 + 4*i**2 + 1/4*i**4 + 8/3*i**3 + 5*i. Let g be z(-7). Calculate t(g).
7
Let a = 536 - 543. Let x(g) = 2*g - 2. Calculate x(a).
-16
Suppose 0*j = 2*j + 6. Let h(q) = 5*q + 28. Let o(y) = -8*y - 3. Let m(f) = -7*f - 4. Let r(d) = -6*m(d) + 5*o(d). Let x(i) = j*h(i) + 8*r(i). Determine x(6).
-6
Let x(w) = 3 - 9 + 0 + 5*w - 6. Calculate x(3).
3
Let b be ((-2)/(-7))/(72/42). Let w(a) be the second derivative of b*a**4 + 2*a**2 + 0 - 6*a + 5/6*a**3. What is w(-3)?
7
Let w be (-32)/40*((-45)/2)/3. Let z(s) = -13*s + 9*s - 2*s**2 + w*s. Determine z(2).
-4
Let r(o) = -5*o**3 - 2*o**2 + o + 2. Let g(b) = -5*b**3 - 2*b**2 + 2*b + 3. Let j(m) = -3*g(m) + 4*r(m). Let l be -1*(-1)/3*-3. What is j(l)?
4
Let y = 9 - 9. Let t(i) = 3*i - 2*i + y*i - 6. Calculate t(-7).
-13
Let i be (-3)/(-5) + 2184/35. Suppose 0 = i*o - 62*o - 1. Let c(a) be the first derivative of 13*a**4/4 - a**3/3 + a**2/2 - 2. Determine c(o).
13
Let x be (-114)/(-6) + 2*2. Let z = x - 20. Suppose -24 = 7*p - z*p. Let s(h) = -h**3 - 7*h**2 - 8*h. Calculate s(p).
12
Let x(f) = -f**3 + f**2 + 5*f + 7. Let h be x(3). Let u(s) = s**3 - 3*s**2 - 2*s. Determine u(h).
8
Let g(t) = 3*t + 26. Let y(k) = -k**3 + 12*k**2 - 32*k + 34. Let n be y(9). Give g(n).
-7
Let c = 14 - 6. Let a(i) = 12*i**2 + 16*i - 4. Let j(g) = 5*g**2 + 8*g - 3. Let t(w) = 3*a(w) - 7*j(w). Give t(c).
9
Let d(j) = 61 - 3*j**2 - 34 - j + 6*j - 25. Let n(h) = 3*h**2 - 6*h - 3. Let q(i) = 3*d(i) + 2*n(i). Determine q(2).
-6
Let h(t) = -t**3 - t**2. Let m(b) = 5*b**3 + 2*b**2 + 7*b + 5. Let j(u) = 6*h(u) + m(u). Let o = 36 + -30. Let v = o + -11. Determine j(v).
-5
Let j(h) = 3*h - 2. Let r(y) = -2*y**3 + 5*y**2 - 18*y + 11. Let g(n) = 4*j(n) + r(n). Determine g(2).
-5
Let z(x) = 2*x - 1. Let y(w) = -5*w - 4. Let n(s) = -y(s) - 2*z(s). What is n(0)?
6
Let o(h) = 5*h**3 - 3*h + 4. Let y(v) = v**3 - v + 1. Let j(l) = o(l) - 4*y(l). Suppose -9*c + 0*c + 9 = 0. Calculate j(c).
2
Suppose 12*k = 24 - 0. Let d(l) = -4*l**2 + 10*l**2 + 67 + 5*l - 65 + k*l**3 - l**3. Calculate d(-5).
2
Let k(o) = 30*o**2 + 209*o - 3. Let x be k(-7). Let v(y) be the third derivative of 0 + 0*y + 0*y**3 + 2*y**2 - 1/4*y**x. Give v(1).
-6
Let g(t) = -4*t - 2. Let m be 2/(5 - (-2 + 17)/5). Determine g(m).
-6
Let f(z) = -24*z + z**2 + 80*z - 27*z - 4 - 22*z. Give f(-6).
-10
Let f be 0/(-1) - (-1 - 0). Let z(u) be the second derivative of 4*u**3/3 - 2*u - 29. What is z(f)?
8
Let t(a) be the third derivative of a**6/12 + a**4/24 + a**2. Let q(c) be the first derivative of -c**3/3 + 7*c**2/2 - 11*c + 5. Let y be q(3). Determine t(y).
11
Let h(p) = p + 4. Let n be (-2)/(-8) - (-6 + 123/12). Determine h(n).
0
Let f(b) = -b**3 + 9*b**2 + 11*b - 11. Let o be 9 - (-1 + 4 + -4). Let r be f(o). Let y(t) = -2*t**3 + t + 1. Determine y(r).
2
Let x(w) = 5*w - 7. Let u(k) = -2*k + 1. Let o(d) = -2*u(d) - x(d). Give o(4).
1
Let x(d) = 2. Let t(q) = -q. Let r(o) = t(o) + 5*x(o). Give r(9).
1
Let n be 2*((-3)/(-9))/(4/390). Suppose 0 = -5*d + 5*u - n, -67 = 5*d - 6*u + 3*u. Let y(t) = -t**2 - 13*t + 13. Give y(d).
-1
Let b(d) = d**2 - 8*d - 6. Let m(c) = c. Let p(k) = -b(k) - 4*m(k). Suppose 9*z - 6*z - 45 = 0. Let x be (-12)/z*150/(-20). Calculate p(x).
-6
Let u(l) = 21*l - 3*l**2 + 0 - 4 - 23*l + 2*l**2. Let c(o) = 2*o + 2. Let q(z) = z + 1. Let r(s) = 3*c(s) - 7*q(s). Let f be r(3). Determine u(f).
-12
Let r(p) = p - 18. Suppose -69 = -5*h + 116. Suppose -28*x = -h*x + 117. What is r(x)?
-5
Let b(x) = -x**3 + 13*x**2 - 20*x - 17. Let u be b(9). Let m = u + -124. Let t(s) = 2*s**2 - s - 3. Give t(m).
12
Suppose -8*k + 15 = -5*k. Let g(t) = 19*t - 46*t + 31*t - 4. Calculate g(k).
16
Suppose 7 = 4*v + 19. Let g(j) = -j**3 - 2*j**2 + j - 2. Calculate g(v).
4
Let c be 0 - -2 - 0/(-2). Let k(a) = a**3 + 8*a + 33 - 6*a - 25 + 7*a**c. Calculate k(-7).
-6
Let o be (-2)/(-5) + (-9)/(-15). Let n(f) = f**2 - 5*f + 1. Let j(t) be the first derivative of -t + 15. Let g(a) = o*n(a) + 6*j(a). Determine g(7).
9
Let f be ((-5)/(-4))/(1/24*6). Let g(y) = 8*y - 2. Determine g(f).
38
Let j(b) = b**3 - 27*b**2 + 26*b. Suppose 11*q = 32 + 254. Determine j(q).
0
Let c(j) = -7*j**2 - 11*j - 4. Let m(i) = -12*i**2 - 21*i - 9. Let b(k) = 5*c(k) - 3*m(k). Suppose -y - 3 = 3. Determine b(y).
-5
Let h(s) be the third derivative of -1/3*s**4 + 1/120*s**6 + 0*s + 0 + 3/2*s**3 + 2/15*s**5 - 14*s**2. Give h(-9).
0
Let o be -5 + 2 + -4 + 0. Let i(j) = 10*j**2 - 6. Let f(x) = 3*x**2 - 2. Let g(c) = o*f(c) + 2*i(c). What is g(3)?
-7
Let b(f) = -1 + 4*f**2 + f**2 + 11*f**2 - 10*f**2. Calculate b(2).
23
Let a(z) = 5*z**2 + z. Let w be a(-1). Suppose 1 = w*i - 11. Let q(m) = -m**i + m**2 - 3*m**3 - m**2 + m. Determine q(-1).
3
Let z(w) = -2*w**3 + 2*w**2 - 2. Let x(p) = -9*p**3 + 26*p**2 + 15*p + 10. Let f(v) = -x(v) + 5*z(v). Give f(-15).
-20
Let p(g) = 6*g + 1. Let l(k) = 56*k + 8. Let o(d) = -l(d) + 8*p(d). Determine o(-1).
8
Let f(r) = -r**3 - 2*r + 30622*r**2 + 11*r - 30621*r**2 - 7. Give f(3).
2
Suppose -4*p - 2*z + 5 + 9 = 0, p = -5*z + 8. Let s(a) be the second derivative of 0 - 2*a + 5/2*a**2 - 1/6*a**3. What is s(p)?
2
Suppose f = -2*q - 3, 21 = -3*q - 8*f + 12*f. Let s(t) = -t**3 - t**2 + 2*t - 4. Give s(q).
8
Let l(u) = -7*u**2 + u**3 + 2*u + u + 11*u**2. Let a = -19 - -17. Let b be l(a). Let t(m) = -2*m**3 + m**2 + 2*m - 2. Calculate t(b).
-10
Let f(c) = 3*c - 3. Suppose 4*k - 4 = 20. Give f(k).
15
Let k(r) = -4*r + 14. Let v(o) = -6*o + 26. Let l(w) = -5*k(w) + 3*v(w). Determine l(-10).
-12
Let k = 137 + -140. Let d(h) = 4*h - 3*h**2 + h**2 + 7*h**3 - 8*h**3. Determine d(k).
-3
Suppose 6*q - 7*q - 17 = -3*z, -21 = -5*z - 2*q. Let s(f) = -f - 6. Let k(c) = 1. Let l(b) = z*k(b) + s(b). Calculate l(0).
-1
Let i be 2/15 - (-172)/60. Let q = i + 3. Suppose 9*n = 3*n - q. Let m(s) = -2*s**3 + 2*s**2 + 2*s + 1. Give m(n).
3
Let t(a) be the second derivative of -a**5/20 - a**4/4 + a**3/2 + a**2/2 - 522*a. Let q be (5/(-2))/(-5)*-8. Determine t(q).
5
Let v(x) = -5*x**3 + 19*x**2 - 14*x + 3. Let t(w) = -14*w**3 + 57*w**2 - 41*w + 11. Let y(p) = 3*t(p) - 8*v(p). Give y(9).
-9
Let n = 64 + -18. Suppose 45*o = n*o + 6. Let g(w) = 0*w + 2*w + 4 - 2 + 3. Give g(o).
-7
Let c(w) = -w + 3. Let p be c(-5). Let u(q) be the first derivative of -q**2/2 + 8*q + 1874. What is u(p)?
0
Let s be (-2)/14 + 10/70. Suppose 5 = 2*z - 13. Let y(b) = 0*b - b + z - 3. Give y(s).
6
Suppose -4*g + 5*h = -0*h - 38, 0 = 2*g + h - 26. Suppose g*k - 33 = 15*k. Let o(z) = -z - 16. Calculate o(k).
-5
Let a(k) = -11*k**2 + 4